ppose 2*x = 5*u - 157, 3*u - x - 2*x - 96 = 0. What is the tens digit of u?
3
Suppose 4*i + 5 = -i, 0 = 4*t + 4*i - 332. Suppose t + 52 = 4*j. What is the tens digit of j?
3
Let x(g) = -2*g**2 - 7*g - 7. Let r(j) = j**2 + j. Let t(m) = 3*r(m) + x(m). What is the tens digit of t(8)?
2
Let u(g) = -3 - g**2 - 2*g + 4 + 1 - 5*g. What is the units digit of u(-6)?
8
Let c(w) = w**3 - w**2 - 3*w + 2. Let s be c(3). Suppose -s = -3*m - 5. What is the units digit of m?
2
Suppose v + v = 2. What is the tens digit of 1*1/(v/10)?
1
Let h(d) = d**3 - 5*d**2 + 3*d - 4. Let r be h(5). Suppose 6*v - 12 = 3*v. Suppose -v*j + r + 21 = 0. What is the units digit of j?
8
Suppose -5*f - 4*c - c = -475, 186 = 2*f - 2*c. What is the units digit of f?
4
Let g = -5 - -9. Let q be (-6)/(((-6)/g)/(-1)). Let m = 8 + q. What is the units digit of m?
4
Let m = -113 - -168. What is the tens digit of m?
5
Let m(w) = w**2 + 6*w - 6. Let l be m(-8). Let d = l + -7. What is the units digit of d?
3
Let m = 9 + -10. What is the units digit of 13 - (-2 + 0)/m?
1
Suppose -3*w = -2*m + 7*m - 262, m + 2*w - 58 = 0. What is the tens digit of m?
5
Let x = 32 + -18. What is the units digit of x?
4
Let i = -15 + 22. What is the units digit of i?
7
Let o(z) = -z**2 + 15*z - 9. What is the units digit of o(14)?
5
Let p(s) be the second derivative of -s**3/3 - s**2 + 2*s. Suppose 7 = 2*q - 5*f, -18 = 2*q + q + 2*f. What is the units digit of p(q)?
6
Let f(j) = -3*j**3 - 2*j**2 + 1. Let p be (-1)/2 - (-4)/(-8). What is the units digit of f(p)?
2
What is the units digit of (9/(-6))/((-15)/10)?
1
Let q(b) = -7*b - b - 12 - b**2 - 5*b. What is the tens digit of q(-11)?
1
Let q(w) be the second derivative of w**4/12 - w**3/6 + w**2 + w. Suppose 4*u = 9 + 3. What is the units digit of q(u)?
8
Let l be (1 - (0 - -1)) + 2. Let k = 0 - 0. Suppose 0 = -t - k*t + l. What is the units digit of t?
2
Suppose -2*n - 392 = -6*n. Suppose r = -3*h - 3*r - 58, -3*h = -4*r + n. What is the tens digit of (-1)/(1 + h/24)?
1
Let i(p) = -p**2 - 5*p + 4. Let k be i(-3). Suppose k*u + 2*d - 47 = 5*u, 5*u - d - 59 = 0. Suppose -3 + u = 4*r. What is the units digit of r?
2
Suppose 3*s = -0*s - 9. What is the tens digit of s + 0 + 60/3?
1
Let o be (-2 + -1)*-1 - 5. What is the units digit of 19 + o/1 + 1?
8
Let t(x) = 2*x**3 + 3*x**2 - 2*x + 2. What is the units digit of t(2)?
6
Let p(i) = -i**3 + 5*i**2 - 3*i - 2. Let m be p(4). Suppose -4*l + 0*l + m*g + 26 = 0, 4*g + 12 = 0. Suppose -4 = -l*f + 1. What is the units digit of f?
1
Let n(y) = -y - 6 + 2*y**2 + 2 - 2*y**3 - 3*y**2. What is the tens digit of n(-3)?
4
Let n(s) = s**3 + 6*s**2 + 3. Let a be n(-6). Suppose -a*k = -k - 6. What is the units digit of k?
3
Let q be (-45)/(-6)*4/6. Suppose -46 = -q*m - 16. Let t(o) = o - 4. What is the units digit of t(m)?
2
Let q be ((-2)/1)/(2/(-4)). Suppose -8 = -q*j - 4*v, 3*v = 3*j - 9 - 3. Suppose -43 = -5*f + 2*z, 3*f + 6 = j*z + 30. What is the units digit of f?
9
Let q(v) = -v**2 + 4*v + 7. Let n be q(5). Suppose y - 5 = n*y. Let u = y - -16. What is the tens digit of u?
1
Let z be (-1)/(2/(-6)*1). Let w = -3 + z. Suppose -4*r + 22 - 2 = w. What is the units digit of r?
5
Let w(x) be the third derivative of -x**5/60 - x**4/4 + 2*x**2. Let f be w(-6). Suppose 0 = -3*l + 5*m - 4*m + 33, f = -3*m + 9. What is the tens digit of l?
1
Suppose 3*h - 9 = -0*h. Suppose -115 = 2*c - 7*c + 5*s, -2*s = -h*c + 64. What is the units digit of (-13)/(-6) + (-3)/c?
2
Suppose -5*m - 270 + 755 = 0. What is the units digit of m?
7
Let d = -11 + 14. Suppose 4*h = -r + 8 - d, 0 = -4*r - 5*h - 2. Let z(u) = -u + 2. What is the units digit of z(r)?
5
Let n = -2 - -4. What is the units digit of (5 - 8)/(n/(-12))?
8
What is the tens digit of 33*(6/4 + 1/2)?
6
Let h = 19 - 10. Suppose 4*d - h = -4*k - 1, -k = -5*d - 26. What is the units digit of k?
6
Let c = 147 + -115. What is the tens digit of c?
3
Let u(y) = -2*y**3 - 4*y**2 + y + 9. What is the units digit of u(-4)?
9
Suppose 26*b - 21*b = 270. What is the tens digit of b?
5
Suppose -3*q + 13 - 4 = 0. Suppose 2*w - 39 = -5*r + q*w, -2*r + 6 = 2*w. What is the units digit of r?
7
What is the units digit of (-2)/10 + (-2328)/(-40)?
8
Suppose 0*a = 3*a + 36. What is the tens digit of 2/(-3) - 128/a?
1
Let a(y) = -2*y - 6. Let v be a(-5). Suppose -v*w + 5*w + p = 32, -2*w = -2*p - 52. What is the units digit of w?
9
Suppose h + 1 = -0, 279 = -3*d - 3*h. Let f(v) = -v**3 - 5*v**2 + 6. Let j be f(-5). What is the units digit of d/(-14) - j/(-14)?
7
Suppose 0 = 2*h + 1 - 7. What is the tens digit of (-2)/h*-3 - -17?
1
Suppose -2 = -m - 1, -4*m = -4*g + 28. What is the units digit of g?
8
Let r(l) = 9*l**2 - 2. Let n be r(-3). Suppose -2*j - 4*v + n - 29 = 0, 3*j - 107 = 2*v. Suppose 5*m = 2*m + j. What is the units digit of m?
1
Let d(g) = -4 - 8 - 2*g**2 - 11*g + g**2. Let n be d(-11). What is the units digit of 32/6 - (-4)/n?
5
Let v be (-29)/(-3) - 1/(-3). Let y = v - -2. What is the tens digit of y?
1
What is the units digit of 1/(-6) - (-1266)/36?
5
Let p be (3 + -33)*2/4. Let m = p + 30. Suppose 4*g - 1 = m, 0 = -q - 4*g + 22. What is the units digit of q?
6
Suppose -5*j = 15 + 60. What is the units digit of (-2)/10 - 123/j?
8
Let u(x) = 0*x - 4 - x**2 - 5*x - 2*x. Let f be u(-6). Suppose -f*i + 1 = -3*d + 2, -5*i = 3*d - 8. What is the units digit of d?
1
Suppose -50 + 2 = -4*u. What is the units digit of u?
2
Let h = -3 - -3. Suppose -3*y - w = -48, h*y - 3*y + 5*w = -30. What is the units digit of y?
5
Let d(g) = g**3 - 4*g**2 - 6*g - 3. What is the tens digit of d(6)?
3
Let v(w) = 4*w**2 - 3. Let t be v(-2). Suppose -1 = 2*m - t. What is the units digit of m?
6
Suppose -3*k = -231 + 42. Suppose 41 = -f - 2*m, m = -4*f - 3*m - 164. Let c = f + k. What is the units digit of c?
2
Suppose -3*y - 4*f + 27 = -43, 0 = -y - 2*f + 20. What is the tens digit of y?
3
Suppose 4*y = y - 5*q + 176, 3*y - 2*q - 148 = 0. Suppose -i + y = i. What is the units digit of i?
6
Let b(s) = -2*s + 78. What is the units digit of b(0)?
8
Let m = 15 + 8. What is the tens digit of m?
2
Let v(c) = -c + 1. Let x be v(1). Let y(f) = -2*f - 9. Let d(r) = r**2 - r. Let b(n) = d(n) - y(n). What is the units digit of b(x)?
9
Let o(y) = -25*y - 12. What is the units digit of o(-4)?
8
Let d(i) = -i - 6. Let t be d(-6). Let y be (-2)/9 + 38/9. Suppose -y*l - 4*g + 20 = -t*l, 0 = -l - 3*g + 7. What is the units digit of l?
4
Let s be (-1)/(-1) - (6 - 8). Let y = 1 + s. What is the units digit of y?
4
Suppose 3*c - 26 = 2*y, -2*c + 16 = -0*c - y. What is the units digit of (6/(-18))/((-2)/c)?
1
What is the tens digit of (-1)/(3/(-517)) + 4/(-12)?
7
Suppose -m - 6 = 2*m. Let n be ((-1)/(-1))/(m/(-6)). Suppose 5*b - 2*q = b + 8, n*q + 6 = 0. What is the units digit of b?
1
Let h(v) = -2*v - 2. Let p be (24/(-9)*-3)/2. Let k be h(p). What is the units digit of 9/k*-2*5?
9
Let x = 676 - 289. What is the hundreds digit of x?
3
Let f(j) = 11 - j - 4*j**3 + 0 + 3*j**3 + 7*j**2 - 3. What is the units digit of f(7)?
1
What is the tens digit of 22 + (2 + (-10)/4)*-2?
2
Let g(v) = 6*v**2 - 1. Let a be g(1). Suppose -6*s + a*s = -27. What is the tens digit of s?
2
Let z(l) = -3*l**3 + 3*l**2 + 2*l + 13. Let t(w) = -w**3 + w**2 + w + 4. Let h(v) = -7*t(v) + 2*z(v). What is the units digit of h(3)?
7
Suppose z + 33 = 2*d, 3*z + 121 = -2*z - d. What is the units digit of (-24)/(-5) + (-5)/z?
5
Suppose 0 = 2*o + 2*o - 12. Suppose 3*n + o = 9. Suppose 3*j - n = b - 1, 5*j - 35 = -5*b. What is the units digit of j?
2
Suppose 0 = 4*m + 1 + 7, -5*d + 2*m + 74 = 0. What is the tens digit of d?
1
Let k(w) = 5*w. Let c be k(-6). Let d = c + 48. What is the units digit of d?
8
Let l = 11 - -14. What is the units digit of l?
5
Let k = 1 + 5. What is the units digit of k?
6
Let c(b) be the second derivative of -b**5/20 - b**4/3 - b**3/3 + b**2 - 5*b. What is the units digit of c(-5)?
7
Suppose 3*r - 5*r = 10. Let f(g) = -g**2 - 6*g + 1. What is the units digit of f(r)?
6
Suppose 24 = -5*l + 11*l. Let u(w) = w**3 - 4*w**2 + 5*w - 5. What is the tens digit of u(l)?
1
Let n(k) = -7*k - 3 + 3 - 3 - k**3 + 2*k**3 - 8*k**2. What is the units digit of n(9)?
5
Let o(c) be the third derivative of c**7/840 + c**6/90 - c**4/8 + c**3/6 + 2*c**2. Let x(h) be th